{"id":5209,"date":"2019-01-22T14:45:23","date_gmt":"2019-01-22T13:45:23","guid":{"rendered":"https:\/\/effienergie.ch\/vorher-nachher\/"},"modified":"2020-02-03T15:58:58","modified_gmt":"2020-02-03T14:58:58","slug":"vorher-nachher","status":"publish","type":"page","link":"https:\/\/effienergie.ch\/fr\/vorher-nachher\/","title":{"rendered":"Avant \/ Apr\u00e8s"},"content":{"rendered":"<p><span class=\"tlid-translation translation\" lang=\"fr\"><span title=\"\">Les r\u00e9novations \u00e9nerg\u00e9tiques des b\u00e2timents augmentent la valeur de l\u2019immobilier et entra\u00eenent souvent des s\u00e9quelles surprenantes.<\/span> <span title=\"\">Parcourez les meilleurs projets en Suisse et laissez-vous inspirer.<\/span><\/span><\/p>\n<p><strong><span title=\"\">Capturez votre projet comme un bon exemple sur le site Web de SuisseEnergie.<\/span><\/strong><\/p>\n<p><span class=\"\" title=\"\">SuisseEnergie a repris notre id\u00e9e du portail avant \/ apr\u00e8s et a cr\u00e9\u00e9 avec notre aide la rubrique \u00abRajeunis ton b\u00e2timent!\u00bb.<\/span> <span class=\"\" title=\"\">Si vous avez \u00e9galement renouvel\u00e9 votre propri\u00e9t\u00e9 et souhaitez rendre votre projet accessible au public, vous pouvez le capturer \u00e0 titre d&rsquo;exemple en utilisant le lien suivant:<\/span><\/p>\n<p><a href=\"https:\/\/www.suisseenergie.ch\/page\/fr-ch\/rajeunis-ton-batiment-recherche\" target=\"_blank\" rel=\"noopener noreferrer\">www.suisseenergie.ch<\/a><\/p>\n<p>\u00e0 l&rsquo;interview vid\u00e9o de C. D\u00fcrrenberger (en allemand):<\/p>\n<div style=\"width: 900px;\" class=\"wp-video\"><video class=\"wp-video-shortcode\" id=\"video-5209-1\" width=\"900\" height=\"506\" preload=\"metadata\" controls=\"controls\"><source type=\"video\/mp4\" src=\"https:\/\/effienergie.ch\/wp-content\/uploads\/2020\/02\/GEBAUDEERNEUERUNG_small.mp4?_=1\" \/><a href=\"https:\/\/effienergie.ch\/wp-content\/uploads\/2020\/02\/GEBAUDEERNEUERUNG_small.mp4\">https:\/\/effienergie.ch\/wp-content\/uploads\/2020\/02\/GEBAUDEERNEUERUNG_small.mp4<\/a><\/video><\/div>\n<p><iframe class=\"html2canvas-container\" style=\"visibility: hidden; position: fixed; left: -10000px; top: 0px; border: 0px;\" width=\"1416\" height=\"300\" scrolling=\"no\" data-html2canvas-ignore=\"true\"><\/iframe><\/p>\n","protected":false},"excerpt":{"rendered":"<p>Les r\u00e9novations \u00e9nerg\u00e9tiques des b\u00e2timents augmentent la valeur de l\u2019immobilier et entra\u00eenent souvent des s\u00e9quelles surprenantes. Parcourez les meilleurs projets en Suisse et laissez-vous inspirer. Capturez votre projet comme un bon exemple sur le site Web de SuisseEnergie. SuisseEnergie a repris notre id\u00e9e du portail avant \/ apr\u00e8s et a cr\u00e9\u00e9 avec notre aide la [&hellip;]<\/p>\n","protected":false},"author":1,"featured_media":0,"parent":0,"menu_order":10,"comment_status":"closed","ping_status":"closed","template":"","meta":{"_acf_changed":false,"footnotes":""},"class_list":["post-5209","page","type-page","status-publish","hentry"],"acf":[],"aioseo_notices":[],"aioseo_head":"\n\t\t<!-- All in One SEO 4.9.10 - aioseo.com -->\n\t<meta name=\"robots\" content=\"max-image-preview:large\" \/>\n\t<link rel=\"canonical\" href=\"https:\/\/effienergie.ch\/fr\/vorher-nachher\/\" \/>\n\t<meta name=\"generator\" content=\"All in One SEO (AIOSEO) 4.9.10\" \/>\n\t\t<script type=\"application\/ld+json\" class=\"aioseo-schema\">\n\t\t\t{\"@context\":\"https:\\\/\\\/schema.org\",\"@graph\":[{\"@type\":\"BreadcrumbList\",\"@id\":\"https:\\\/\\\/effienergie.ch\\\/fr\\\/vorher-nachher\\\/#breadcrumblist\",\"itemListElement\":[{\"@type\":\"ListItem\",\"@id\":\"https:\\\/\\\/effienergie.ch\\\/fr\\\/#listItem\",\"position\":1,\"name\":\"Home\",\"item\":\"https:\\\/\\\/effienergie.ch\\\/fr\\\/\",\"nextItem\":{\"@type\":\"ListItem\",\"@id\":\"https:\\\/\\\/effienergie.ch\\\/fr\\\/vorher-nachher\\\/#listItem\",\"name\":\"Avant \\\/ Apr\\u00e8s\"}},{\"@type\":\"ListItem\",\"@id\":\"https:\\\/\\\/effienergie.ch\\\/fr\\\/vorher-nachher\\\/#listItem\",\"position\":2,\"name\":\"Avant \\\/ Apr\\u00e8s\",\"previousItem\":{\"@type\":\"ListItem\",\"@id\":\"https:\\\/\\\/effienergie.ch\\\/fr\\\/#listItem\",\"name\":\"Home\"}}]},{\"@type\":\"Organization\",\"@id\":\"https:\\\/\\\/effienergie.ch\\\/fr\\\/#organization\",\"name\":\"effienergie\",\"description\":\"Geb\\u00e4ude Energie Effizienz\",\"url\":\"https:\\\/\\\/effienergie.ch\\\/fr\\\/\",\"logo\":{\"@type\":\"ImageObject\",\"url\":\"https:\\\/\\\/effienergie.ch\\\/wp-content\\\/uploads\\\/2019\\\/01\\\/effienergie_logo.svg\",\"@id\":\"https:\\\/\\\/effienergie.ch\\\/fr\\\/vorher-nachher\\\/#organizationLogo\"},\"image\":{\"@id\":\"https:\\\/\\\/effienergie.ch\\\/fr\\\/vorher-nachher\\\/#organizationLogo\"}},{\"@type\":\"WebPage\",\"@id\":\"https:\\\/\\\/effienergie.ch\\\/fr\\\/vorher-nachher\\\/#webpage\",\"url\":\"https:\\\/\\\/effienergie.ch\\\/fr\\\/vorher-nachher\\\/\",\"name\":\"Avant \\\/ Apr\\u00e8s | effienergie\",\"inLanguage\":\"fr-FR\",\"isPartOf\":{\"@id\":\"https:\\\/\\\/effienergie.ch\\\/fr\\\/#website\"},\"breadcrumb\":{\"@id\":\"https:\\\/\\\/effienergie.ch\\\/fr\\\/vorher-nachher\\\/#breadcrumblist\"},\"datePublished\":\"2019-01-22T14:45:23+01:00\",\"dateModified\":\"2020-02-03T15:58:58+01:00\"},{\"@type\":\"WebSite\",\"@id\":\"https:\\\/\\\/effienergie.ch\\\/fr\\\/#website\",\"url\":\"https:\\\/\\\/effienergie.ch\\\/fr\\\/\",\"name\":\"effienergie\",\"description\":\"Geb\\u00e4ude Energie Effizienz\",\"inLanguage\":\"fr-FR\",\"publisher\":{\"@id\":\"https:\\\/\\\/effienergie.ch\\\/fr\\\/#organization\"}}]}\n\t\t<\/script>\n\t\t<!-- All in One SEO -->\n\n","aioseo_head_json":{"title":"Avant \/ Apr\u00e8s | effienergie","description":"","canonical_url":"https:\/\/effienergie.ch\/fr\/vorher-nachher\/","robots":"max-image-preview:large","keywords":"","webmasterTools":{"miscellaneous":""},"schema":{"@context":"https:\/\/schema.org","@graph":[{"@type":"BreadcrumbList","@id":"https:\/\/effienergie.ch\/fr\/vorher-nachher\/#breadcrumblist","itemListElement":[{"@type":"ListItem","@id":"https:\/\/effienergie.ch\/fr\/#listItem","position":1,"name":"Home","item":"https:\/\/effienergie.ch\/fr\/","nextItem":{"@type":"ListItem","@id":"https:\/\/effienergie.ch\/fr\/vorher-nachher\/#listItem","name":"Avant \/ Apr\u00e8s"}},{"@type":"ListItem","@id":"https:\/\/effienergie.ch\/fr\/vorher-nachher\/#listItem","position":2,"name":"Avant \/ Apr\u00e8s","previousItem":{"@type":"ListItem","@id":"https:\/\/effienergie.ch\/fr\/#listItem","name":"Home"}}]},{"@type":"Organization","@id":"https:\/\/effienergie.ch\/fr\/#organization","name":"effienergie","description":"Geb\u00e4ude Energie Effizienz","url":"https:\/\/effienergie.ch\/fr\/","logo":{"@type":"ImageObject","url":"https:\/\/effienergie.ch\/wp-content\/uploads\/2019\/01\/effienergie_logo.svg","@id":"https:\/\/effienergie.ch\/fr\/vorher-nachher\/#organizationLogo"},"image":{"@id":"https:\/\/effienergie.ch\/fr\/vorher-nachher\/#organizationLogo"}},{"@type":"WebPage","@id":"https:\/\/effienergie.ch\/fr\/vorher-nachher\/#webpage","url":"https:\/\/effienergie.ch\/fr\/vorher-nachher\/","name":"Avant \/ Apr\u00e8s | effienergie","inLanguage":"fr-FR","isPartOf":{"@id":"https:\/\/effienergie.ch\/fr\/#website"},"breadcrumb":{"@id":"https:\/\/effienergie.ch\/fr\/vorher-nachher\/#breadcrumblist"},"datePublished":"2019-01-22T14:45:23+01:00","dateModified":"2020-02-03T15:58:58+01:00"},{"@type":"WebSite","@id":"https:\/\/effienergie.ch\/fr\/#website","url":"https:\/\/effienergie.ch\/fr\/","name":"effienergie","description":"Geb\u00e4ude Energie Effizienz","inLanguage":"fr-FR","publisher":{"@id":"https:\/\/effienergie.ch\/fr\/#organization"}}]}},"aioseo_meta_data":{"post_id":"5209","title":null,"description":null,"keywords":null,"keyphrases":null,"primary_term":null,"canonical_url":null,"og_title":null,"og_description":null,"og_object_type":"default","og_image_type":"default","og_image_url":null,"og_image_width":null,"og_image_height":null,"og_image_custom_url":null,"og_image_custom_fields":null,"og_video":null,"og_custom_url":null,"og_article_section":null,"og_article_tags":null,"twitter_use_og":false,"twitter_card":"default","twitter_image_type":"default","twitter_image_url":null,"twitter_image_custom_url":null,"twitter_image_custom_fields":null,"twitter_title":null,"twitter_description":null,"schema":{"blockGraphs":[],"customGraphs":[],"default":{"data":{"Article":[],"Course":[],"Dataset":[],"FAQPage":[],"Movie":[],"Person":[],"Product":[],"ProductReview":[],"Car":[],"Recipe":[],"Service":[],"SoftwareApplication":[],"WebPage":[]},"graphName":"WebPage","isEnabled":true},"graphs":[]},"schema_type":null,"schema_type_options":null,"pillar_content":false,"robots_default":true,"robots_noindex":false,"robots_noarchive":false,"robots_nosnippet":false,"robots_nofollow":false,"robots_noimageindex":false,"robots_noodp":false,"robots_notranslate":false,"robots_max_snippet":null,"robots_max_videopreview":null,"robots_max_imagepreview":"large","priority":null,"frequency":null,"local_seo":null,"breadcrumb_settings":null,"limit_modified_date":false,"ai":null,"created":"2021-06-24 14:50:37","updated":"2025-06-25 13:56:03","seo_analyzer_scan_date":null},"aioseo_breadcrumb":"<div class=\"aioseo-breadcrumbs\"><span class=\"aioseo-breadcrumb\">\n\t\t\t<a href=\"https:\/\/effienergie.ch\/fr\/\" title=\"Home\">Home<\/a>\n\t\t<\/span><span class=\"aioseo-breadcrumb-separator\">&raquo;<\/span><span class=\"aioseo-breadcrumb\">\n\t\t\tAvant \/ Apr\u00e8s\n\t\t<\/span><\/div>","aioseo_breadcrumb_json":[{"label":"Home","link":"https:\/\/effienergie.ch\/fr\/"},{"label":"Avant \/ Apr\u00e8s","link":"https:\/\/effienergie.ch\/fr\/vorher-nachher\/"}],"_links":{"self":[{"href":"https:\/\/effienergie.ch\/fr\/wp-json\/wp\/v2\/pages\/5209","targetHints":{"allow":["GET"]}}],"collection":[{"href":"https:\/\/effienergie.ch\/fr\/wp-json\/wp\/v2\/pages"}],"about":[{"href":"https:\/\/effienergie.ch\/fr\/wp-json\/wp\/v2\/types\/page"}],"author":[{"embeddable":true,"href":"https:\/\/effienergie.ch\/fr\/wp-json\/wp\/v2\/users\/1"}],"replies":[{"embeddable":true,"href":"https:\/\/effienergie.ch\/fr\/wp-json\/wp\/v2\/comments?post=5209"}],"version-history":[{"count":49,"href":"https:\/\/effienergie.ch\/fr\/wp-json\/wp\/v2\/pages\/5209\/revisions"}],"predecessor-version":[{"id":9705,"href":"https:\/\/effienergie.ch\/fr\/wp-json\/wp\/v2\/pages\/5209\/revisions\/9705"}],"wp:attachment":[{"href":"https:\/\/effienergie.ch\/fr\/wp-json\/wp\/v2\/media?parent=5209"}],"curies":[{"name":"wp","href":"https:\/\/api.w.org\/{rel}","templated":true}]}}

Avant / Après

<p><span class="tlid-translation translation" lang="fr"><span title="">Les rénovations énergétiques des bâtiments augmentent la valeur de l’immobilier et entraînent souvent des séquelles surprenantes.</span> <span title="">Parcourez les meilleurs projets en Suisse et laissez-vous inspirer.</span></span></p>
<p><strong><span title="">Capturez votre projet comme un bon exemple sur le site Web de SuisseEnergie.</span></strong></p>
<p><span class="" title="">SuisseEnergie a repris notre idée du portail avant / après et a créé avec notre aide la rubrique «Rajeunis ton bâtiment!».</span> <span class="" title="">Si vous avez également renouvelé votre propriété et souhaitez rendre votre projet accessible au public, vous pouvez le capturer à titre d&rsquo;exemple en utilisant le lien suivant:</span></p>
<p><a href="https://www.suisseenergie.ch/page/fr-ch/rajeunis-ton-batiment-recherche" target="_blank" rel="noopener noreferrer">www.suisseenergie.ch</a></p>
<p>à l&rsquo;interview vidéo de C. Dürrenberger (en allemand):</p>
<div style="width: 900px;" class="wp-video"><video class="wp-video-shortcode" id="video-5209-1" width="900" height="506" preload="metadata" controls="controls"><source type="video/mp4" src="https://effienergie.ch/wp-content/uploads/2020/02/GEBAUDEERNEUERUNG_small.mp4?_=1" /><a href="https://effienergie.ch/wp-content/uploads/2020/02/GEBAUDEERNEUERUNG_small.mp4">https://effienergie.ch/wp-content/uploads/2020/02/GEBAUDEERNEUERUNG_small.mp4</a></video></div>
<p><iframe class="html2canvas-container" style="visibility: hidden; position: fixed; left: -10000px; top: 0px; border: 0px;" width="1416" height="300" scrolling="no" data-html2canvas-ignore="true"></iframe></p>

<p>Les rénovations énergétiques des bâtiments augmentent la valeur de l’immobilier et entraînent souvent des séquelles surprenantes. Parcourez les meilleurs projets en Suisse et laissez-vous inspirer. Capturez votre projet comme un bon exemple sur le site Web de SuisseEnergie. SuisseEnergie a repris notre idée du portail avant / après et a créé avec notre aide la [&hellip;]</p>

Avant / Après | effienergie

Gebäude Energie Effizienz

<div class="aioseo-breadcrumbs"><span class="aioseo-breadcrumb">
			<a href="https://effienergie.ch/fr/" title="Home">Home</a>
		</span><span class="aioseo-breadcrumb-separator">&raquo;</span><span class="aioseo-breadcrumb">
			Avant / Après
		</span></div>
