{"id":6713,"date":"2019-01-29T11:52:36","date_gmt":"2019-01-29T10:52:36","guid":{"rendered":"https:\/\/effienergie.ch\/foerderprogramm\/das-gebaeudeprogramm\/"},"modified":"2019-05-06T14:22:34","modified_gmt":"2019-05-06T12:22:34","slug":"das-gebaeudeprogramm","status":"publish","type":"page","link":"https:\/\/effienergie.ch\/fr\/foerderprogramm\/das-gebaeudeprogramm\/","title":{"rendered":"Le Programme B\u00e2timents"},"content":{"rendered":"<p><span class=\"tlid-translation translation\" lang=\"fr\"><span class=\"\" title=\"\">Nous veillons au bon d\u00e9roulement du programme dans 13 cantons, examinons les nombreuses demandes et conseillons les requ\u00e9rants.<\/span><\/span><\/p>\n<p><a href=\"http:\/\/www.dasgebaeudeprogramm.ch\" target=\"_blank\" rel=\"noopener noreferrer\">www.leprogrammebatiments.ch<\/a><\/p>\n<p>&nbsp;<\/p>\n<p>\n<section class=\"grafic animate-bg\">\n    <div class=\"grafic__images\">\n        <div class=\"home-grafic__images-bg\">\n            <img decoding=\"async\" src=\"https:\/\/effienergie.ch\/wp-content\/themes\/energy-2k19\/dist\/images\/home-bottom.svg?id=612724c6e38e27f7f019\" alt=\"\">\n        <\/div>\n        <div class=\"grafic__images-active\" data-width=\"23%\"\n             style=\"background-image: url(https:\/\/effienergie.ch\/wp-content\/themes\/energy-2k19\/dist\/images\/home-bottom-left.svg?id=4238737dac4ed6052421);\">\n\n        <\/div>\n      <a class=\"grafic__text\" href=\"#\" rel=\"nofollow\">\n        <span class=\"grafic__text-item\">205 tonnes de CO<sub>2<\/sub> \u00e9conomis\u00e9es<\/span>\n        <span class=\"icon-arrow-big_r\"><\/span>\n      <\/a>\n    <\/div>\n<\/section>\n<br \/>\n<em>\u00c9conomies annuelles cumul\u00e9es r\u00e9sultant des mesures d&rsquo;isolation du b\u00e2timent dans le cadre du Programme B\u00e2timents de 2006 \u00e0 2017 par rapport aux \u00e9missions de CO<sub>2<\/sub> des combustibles de la ville de Zurich en 2017.<\/em><\/p>\n<blockquote><p><span style=\"font-size: 0.6em\"><br \/>\n2006 &#8211; 2010 Programme B\u00e2timents de la Fondation Centime Climatique avec mod\u00e8le d\u2019impact par rapport \u00e0 la Conf\u00e9d\u00e9ration<br \/>\n2010 &#8211; 2016 Le Programme B\u00e2timents de la Conf\u00e9d\u00e9ration et des cantons avec mod\u00e8le d&rsquo;impact ModEnHa 2009<br \/>\nD\u00e8s 2016 Le Programme B\u00e2timents des cantons avec mod\u00e8le d&rsquo;impact ModEnHa 2015<br \/>\n<\/span><\/p><\/blockquote>\n","protected":false},"excerpt":{"rendered":"<p>Nous veillons au bon d\u00e9roulement du programme dans 13 cantons, examinons les nombreuses demandes et conseillons les requ\u00e9rants. www.leprogrammebatiments.ch &nbsp; \u00c9conomies annuelles cumul\u00e9es r\u00e9sultant des mesures d&rsquo;isolation du b\u00e2timent dans le cadre du Programme B\u00e2timents de 2006 \u00e0 2017 par rapport aux \u00e9missions de CO2 des combustibles de la ville de Zurich en 2017. 2006 [&hellip;]<\/p>\n","protected":false},"author":4,"featured_media":0,"parent":6698,"menu_order":2,"comment_status":"closed","ping_status":"closed","template":"","meta":{"_acf_changed":false,"footnotes":""},"class_list":["post-6713","page","type-page","status-publish","hentry"],"acf":[],"aioseo_notices":[],"aioseo_head":"\n\t\t<!-- All in One SEO 4.9.10 - aioseo.com -->\n\t<meta name=\"robots\" content=\"max-image-preview:large\" \/>\n\t<link rel=\"canonical\" href=\"https:\/\/effienergie.ch\/fr\/foerderprogramm\/das-gebaeudeprogramm\/\" \/>\n\t<meta name=\"generator\" content=\"All in One SEO (AIOSEO) 4.9.10\" \/>\n\t\t<script type=\"application\/ld+json\" class=\"aioseo-schema\">\n\t\t\t{\"@context\":\"https:\\\/\\\/schema.org\",\"@graph\":[{\"@type\":\"BreadcrumbList\",\"@id\":\"https:\\\/\\\/effienergie.ch\\\/fr\\\/foerderprogramm\\\/das-gebaeudeprogramm\\\/#breadcrumblist\",\"itemListElement\":[{\"@type\":\"ListItem\",\"@id\":\"https:\\\/\\\/effienergie.ch\\\/fr\\\/#listItem\",\"position\":1,\"name\":\"Home\",\"item\":\"https:\\\/\\\/effienergie.ch\\\/fr\\\/\",\"nextItem\":{\"@type\":\"ListItem\",\"@id\":\"https:\\\/\\\/effienergie.ch\\\/fr\\\/foerderprogramm\\\/#listItem\",\"name\":\"Programmes de subvention\"}},{\"@type\":\"ListItem\",\"@id\":\"https:\\\/\\\/effienergie.ch\\\/fr\\\/foerderprogramm\\\/#listItem\",\"position\":2,\"name\":\"Programmes de subvention\",\"item\":\"https:\\\/\\\/effienergie.ch\\\/fr\\\/foerderprogramm\\\/\",\"nextItem\":{\"@type\":\"ListItem\",\"@id\":\"https:\\\/\\\/effienergie.ch\\\/fr\\\/foerderprogramm\\\/das-gebaeudeprogramm\\\/#listItem\",\"name\":\"Le Programme B\\u00e2timents\"},\"previousItem\":{\"@type\":\"ListItem\",\"@id\":\"https:\\\/\\\/effienergie.ch\\\/fr\\\/#listItem\",\"name\":\"Home\"}},{\"@type\":\"ListItem\",\"@id\":\"https:\\\/\\\/effienergie.ch\\\/fr\\\/foerderprogramm\\\/das-gebaeudeprogramm\\\/#listItem\",\"position\":3,\"name\":\"Le Programme B\\u00e2timents\",\"previousItem\":{\"@type\":\"ListItem\",\"@id\":\"https:\\\/\\\/effienergie.ch\\\/fr\\\/foerderprogramm\\\/#listItem\",\"name\":\"Programmes de subvention\"}}]},{\"@type\":\"Organization\",\"@id\":\"https:\\\/\\\/effienergie.ch\\\/fr\\\/#organization\",\"name\":\"effienergie\",\"description\":\"Geb\\u00e4ude Energie Effizienz\",\"url\":\"https:\\\/\\\/effienergie.ch\\\/fr\\\/\",\"logo\":{\"@type\":\"ImageObject\",\"url\":\"https:\\\/\\\/effienergie.ch\\\/wp-content\\\/uploads\\\/2019\\\/01\\\/effienergie_logo.svg\",\"@id\":\"https:\\\/\\\/effienergie.ch\\\/fr\\\/foerderprogramm\\\/das-gebaeudeprogramm\\\/#organizationLogo\"},\"image\":{\"@id\":\"https:\\\/\\\/effienergie.ch\\\/fr\\\/foerderprogramm\\\/das-gebaeudeprogramm\\\/#organizationLogo\"}},{\"@type\":\"WebPage\",\"@id\":\"https:\\\/\\\/effienergie.ch\\\/fr\\\/foerderprogramm\\\/das-gebaeudeprogramm\\\/#webpage\",\"url\":\"https:\\\/\\\/effienergie.ch\\\/fr\\\/foerderprogramm\\\/das-gebaeudeprogramm\\\/\",\"name\":\"Le Programme B\\u00e2timents | effienergie\",\"inLanguage\":\"fr-FR\",\"isPartOf\":{\"@id\":\"https:\\\/\\\/effienergie.ch\\\/fr\\\/#website\"},\"breadcrumb\":{\"@id\":\"https:\\\/\\\/effienergie.ch\\\/fr\\\/foerderprogramm\\\/das-gebaeudeprogramm\\\/#breadcrumblist\"},\"datePublished\":\"2019-01-29T11:52:36+01:00\",\"dateModified\":\"2019-05-06T14:22:34+02:00\"},{\"@type\":\"WebSite\",\"@id\":\"https:\\\/\\\/effienergie.ch\\\/fr\\\/#website\",\"url\":\"https:\\\/\\\/effienergie.ch\\\/fr\\\/\",\"name\":\"effienergie\",\"description\":\"Geb\\u00e4ude Energie Effizienz\",\"inLanguage\":\"fr-FR\",\"publisher\":{\"@id\":\"https:\\\/\\\/effienergie.ch\\\/fr\\\/#organization\"}}]}\n\t\t<\/script>\n\t\t<!-- All in One SEO -->\n\n","aioseo_head_json":{"title":"Le Programme B\u00e2timents | effienergie","description":"","canonical_url":"https:\/\/effienergie.ch\/fr\/foerderprogramm\/das-gebaeudeprogramm\/","robots":"max-image-preview:large","keywords":"","webmasterTools":{"miscellaneous":""},"schema":{"@context":"https:\/\/schema.org","@graph":[{"@type":"BreadcrumbList","@id":"https:\/\/effienergie.ch\/fr\/foerderprogramm\/das-gebaeudeprogramm\/#breadcrumblist","itemListElement":[{"@type":"ListItem","@id":"https:\/\/effienergie.ch\/fr\/#listItem","position":1,"name":"Home","item":"https:\/\/effienergie.ch\/fr\/","nextItem":{"@type":"ListItem","@id":"https:\/\/effienergie.ch\/fr\/foerderprogramm\/#listItem","name":"Programmes de subvention"}},{"@type":"ListItem","@id":"https:\/\/effienergie.ch\/fr\/foerderprogramm\/#listItem","position":2,"name":"Programmes de subvention","item":"https:\/\/effienergie.ch\/fr\/foerderprogramm\/","nextItem":{"@type":"ListItem","@id":"https:\/\/effienergie.ch\/fr\/foerderprogramm\/das-gebaeudeprogramm\/#listItem","name":"Le Programme B\u00e2timents"},"previousItem":{"@type":"ListItem","@id":"https:\/\/effienergie.ch\/fr\/#listItem","name":"Home"}},{"@type":"ListItem","@id":"https:\/\/effienergie.ch\/fr\/foerderprogramm\/das-gebaeudeprogramm\/#listItem","position":3,"name":"Le Programme B\u00e2timents","previousItem":{"@type":"ListItem","@id":"https:\/\/effienergie.ch\/fr\/foerderprogramm\/#listItem","name":"Programmes de subvention"}}]},{"@type":"Organization","@id":"https:\/\/effienergie.ch\/fr\/#organization","name":"effienergie","description":"Geb\u00e4ude Energie Effizienz","url":"https:\/\/effienergie.ch\/fr\/","logo":{"@type":"ImageObject","url":"https:\/\/effienergie.ch\/wp-content\/uploads\/2019\/01\/effienergie_logo.svg","@id":"https:\/\/effienergie.ch\/fr\/foerderprogramm\/das-gebaeudeprogramm\/#organizationLogo"},"image":{"@id":"https:\/\/effienergie.ch\/fr\/foerderprogramm\/das-gebaeudeprogramm\/#organizationLogo"}},{"@type":"WebPage","@id":"https:\/\/effienergie.ch\/fr\/foerderprogramm\/das-gebaeudeprogramm\/#webpage","url":"https:\/\/effienergie.ch\/fr\/foerderprogramm\/das-gebaeudeprogramm\/","name":"Le Programme B\u00e2timents | effienergie","inLanguage":"fr-FR","isPartOf":{"@id":"https:\/\/effienergie.ch\/fr\/#website"},"breadcrumb":{"@id":"https:\/\/effienergie.ch\/fr\/foerderprogramm\/das-gebaeudeprogramm\/#breadcrumblist"},"datePublished":"2019-01-29T11:52:36+01:00","dateModified":"2019-05-06T14:22:34+02:00"},{"@type":"WebSite","@id":"https:\/\/effienergie.ch\/fr\/#website","url":"https:\/\/effienergie.ch\/fr\/","name":"effienergie","description":"Geb\u00e4ude Energie Effizienz","inLanguage":"fr-FR","publisher":{"@id":"https:\/\/effienergie.ch\/fr\/#organization"}}]}},"aioseo_meta_data":{"post_id":"6713","title":null,"description":null,"keywords":null,"keyphrases":null,"primary_term":null,"canonical_url":null,"og_title":null,"og_description":null,"og_object_type":"default","og_image_type":"default","og_image_url":null,"og_image_width":null,"og_image_height":null,"og_image_custom_url":null,"og_image_custom_fields":null,"og_video":null,"og_custom_url":null,"og_article_section":null,"og_article_tags":null,"twitter_use_og":false,"twitter_card":"default","twitter_image_type":"default","twitter_image_url":null,"twitter_image_custom_url":null,"twitter_image_custom_fields":null,"twitter_title":null,"twitter_description":null,"schema":{"blockGraphs":[],"customGraphs":[],"default":{"data":{"Article":[],"Course":[],"Dataset":[],"FAQPage":[],"Movie":[],"Person":[],"Product":[],"ProductReview":[],"Car":[],"Recipe":[],"Service":[],"SoftwareApplication":[],"WebPage":[]},"graphName":"WebPage","isEnabled":true},"graphs":[]},"schema_type":null,"schema_type_options":null,"pillar_content":false,"robots_default":true,"robots_noindex":false,"robots_noarchive":false,"robots_nosnippet":false,"robots_nofollow":false,"robots_noimageindex":false,"robots_noodp":false,"robots_notranslate":false,"robots_max_snippet":null,"robots_max_videopreview":null,"robots_max_imagepreview":"large","priority":null,"frequency":null,"local_seo":null,"breadcrumb_settings":null,"limit_modified_date":false,"ai":null,"created":"2021-06-24 14:47:27","updated":"2025-06-25 13:56:03","seo_analyzer_scan_date":null},"aioseo_breadcrumb":"<div class=\"aioseo-breadcrumbs\"><span class=\"aioseo-breadcrumb\">\n\t\t\t<a href=\"https:\/\/effienergie.ch\/fr\/\" title=\"Home\">Home<\/a>\n\t\t<\/span><span class=\"aioseo-breadcrumb-separator\">&raquo;<\/span><span class=\"aioseo-breadcrumb\">\n\t\t\t<a href=\"https:\/\/effienergie.ch\/fr\/foerderprogramm\/\" title=\"Programmes de subvention\">Programmes de subvention<\/a>\n\t\t<\/span><span class=\"aioseo-breadcrumb-separator\">&raquo;<\/span><span class=\"aioseo-breadcrumb\">\n\t\t\tLe Programme B\u00e2timents\n\t\t<\/span><\/div>","aioseo_breadcrumb_json":[{"label":"Home","link":"https:\/\/effienergie.ch\/fr\/"},{"label":"Programmes de subvention","link":"https:\/\/effienergie.ch\/fr\/foerderprogramm\/"},{"label":"Le Programme B\u00e2timents","link":"https:\/\/effienergie.ch\/fr\/foerderprogramm\/das-gebaeudeprogramm\/"}],"_links":{"self":[{"href":"https:\/\/effienergie.ch\/fr\/wp-json\/wp\/v2\/pages\/6713","targetHints":{"allow":["GET"]}}],"collection":[{"href":"https:\/\/effienergie.ch\/fr\/wp-json\/wp\/v2\/pages"}],"about":[{"href":"https:\/\/effienergie.ch\/fr\/wp-json\/wp\/v2\/types\/page"}],"author":[{"embeddable":true,"href":"https:\/\/effienergie.ch\/fr\/wp-json\/wp\/v2\/users\/4"}],"replies":[{"embeddable":true,"href":"https:\/\/effienergie.ch\/fr\/wp-json\/wp\/v2\/comments?post=6713"}],"version-history":[{"count":23,"href":"https:\/\/effienergie.ch\/fr\/wp-json\/wp\/v2\/pages\/6713\/revisions"}],"predecessor-version":[{"id":7949,"href":"https:\/\/effienergie.ch\/fr\/wp-json\/wp\/v2\/pages\/6713\/revisions\/7949"}],"up":[{"embeddable":true,"href":"https:\/\/effienergie.ch\/fr\/wp-json\/wp\/v2\/pages\/6698"}],"wp:attachment":[{"href":"https:\/\/effienergie.ch\/fr\/wp-json\/wp\/v2\/media?parent=6713"}],"curies":[{"name":"wp","href":"https:\/\/api.w.org\/{rel}","templated":true}]}}

Le Programme Bâtiments

<p><span class="tlid-translation translation" lang="fr"><span class="" title="">Nous veillons au bon déroulement du programme dans 13 cantons, examinons les nombreuses demandes et conseillons les requérants.</span></span></p>
<p><a href="http://www.dasgebaeudeprogramm.ch" target="_blank" rel="noopener noreferrer">www.leprogrammebatiments.ch</a></p>
<p>&nbsp;</p>
<p>
<section class="grafic animate-bg">
    <div class="grafic__images">
        <div class="home-grafic__images-bg">
            <img decoding="async" src="https://effienergie.ch/wp-content/themes/energy-2k19/dist/images/home-bottom.svg?id=612724c6e38e27f7f019" alt="">
        </div>
        <div class="grafic__images-active" data-width="23%"
             style="background-image: url(https://effienergie.ch/wp-content/themes/energy-2k19/dist/images/home-bottom-left.svg?id=4238737dac4ed6052421);">

        </div>
      <a class="grafic__text" href="#" rel="nofollow">
        <span class="grafic__text-item">205 tonnes de CO<sub>2</sub> économisées</span>
        <span class="icon-arrow-big_r"></span>
      </a>
    </div>
</section>
<br />
<em>Économies annuelles cumulées résultant des mesures d&rsquo;isolation du bâtiment dans le cadre du Programme Bâtiments de 2006 à 2017 par rapport aux émissions de CO<sub>2</sub> des combustibles de la ville de Zurich en 2017.</em></p>
<blockquote><p><span style="font-size: 0.6em"><br />
2006 &#8211; 2010 Programme Bâtiments de la Fondation Centime Climatique avec modèle d’impact par rapport à la Confédération<br />
2010 &#8211; 2016 Le Programme Bâtiments de la Confédération et des cantons avec modèle d&rsquo;impact ModEnHa 2009<br />
Dès 2016 Le Programme Bâtiments des cantons avec modèle d&rsquo;impact ModEnHa 2015<br />
</span></p></blockquote>

<p>Nous veillons au bon déroulement du programme dans 13 cantons, examinons les nombreuses demandes et conseillons les requérants. www.leprogrammebatiments.ch &nbsp; Économies annuelles cumulées résultant des mesures d&rsquo;isolation du bâtiment dans le cadre du Programme Bâtiments de 2006 à 2017 par rapport aux émissions de CO2 des combustibles de la ville de Zurich en 2017. 2006 [&hellip;]</p>

Le Programme Bâtiments | effienergie

Gebäude Energie Effizienz

<div class="aioseo-breadcrumbs"><span class="aioseo-breadcrumb">
			<a href="https://effienergie.ch/fr/" title="Home">Home</a>
		</span><span class="aioseo-breadcrumb-separator">&raquo;</span><span class="aioseo-breadcrumb">
			<a href="https://effienergie.ch/fr/foerderprogramm/" title="Programmes de subvention">Programmes de subvention</a>
		</span><span class="aioseo-breadcrumb-separator">&raquo;</span><span class="aioseo-breadcrumb">
			Le Programme Bâtiments
		</span></div>
