{"id":6726,"date":"2019-01-29T11:54:19","date_gmt":"2019-01-29T10:54:19","guid":{"rendered":"https:\/\/effienergie.ch\/foerderprogramm\/effiwatt\/"},"modified":"2020-02-13T14:27:16","modified_gmt":"2020-02-13T13:27:16","slug":"effiwatt","status":"publish","type":"page","link":"https:\/\/effienergie.ch\/fr\/foerderprogramm\/effiwatt\/","title":{"rendered":"Programme d&rsquo;efficacit\u00e9 \u00e9lectrique"},"content":{"rendered":"<p>Dans le cadre des appels d&rsquo;offres de ProKilowatt, Effienergie AG m\u00e8ne depuis 2014 diff\u00e9rents programmes de promotion de l&rsquo;efficacit\u00e9 \u00e9nerg\u00e9tique des b\u00e2timents sous le label \u00ab\u00a0effiWatt\u00a0\u00bb.<\/p>\n<p>Les programmes sont tous men\u00e9s en \u00e9troite collaboration avec les cantons participants. Sur un total de 10 programmes \u00e0 ce jour, plus de 5 588 demandes ont \u00e9t\u00e9 approuv\u00e9es.<\/p>\n<p><a href=\"https:\/\/www.effiwatt.ch\/users\/login\" target=\"_blank\" rel=\"noopener noreferrer\">www.effiwatt.ch<\/a><\/p>\n<p>&nbsp;<\/p>\n<p>le rapport Effienergie suivant pr\u00e9sente les r\u00e9sultats des programmes de promotion effiWatt, publi\u00e9s par l&rsquo;Office f\u00e9d\u00e9ral de l&rsquo;\u00e9nergie OFEN.<\/p>\n<p><a href=\"https:\/\/effienergie.ch\/wp-content\/uploads\/2020\/02\/SchlussberichtAnalyse_Effiwatt.pdf\">SchlussberichtAnalyse_Effiwatt.pdf<\/a><\/p>\n<p>&nbsp;<\/p>\n<p><img loading=\"lazy\" decoding=\"async\" class=\"alignnone wp-image-6182\" src=\"https:\/\/effienergie.ch\/wp-content\/uploads\/2019\/03\/UP_Heizung_neu-300x231.jpg\" alt=\"\" width=\"287\" height=\"221\" srcset=\"https:\/\/effienergie.ch\/wp-content\/uploads\/2019\/03\/UP_Heizung_neu-300x231.jpg 300w, https:\/\/effienergie.ch\/wp-content\/uploads\/2019\/03\/UP_Heizung_neu-768x591.jpg 768w, https:\/\/effienergie.ch\/wp-content\/uploads\/2019\/03\/UP_Heizung_neu-1024x788.jpg 1024w, https:\/\/effienergie.ch\/wp-content\/uploads\/2019\/03\/UP_Heizung_neu-42x32.jpg 42w, https:\/\/effienergie.ch\/wp-content\/uploads\/2019\/03\/UP_Heizung_neu.jpg 1500w\" sizes=\"auto, (max-width: 287px) 100vw, 287px\" \/> <img loading=\"lazy\" decoding=\"async\" class=\"alignnone  wp-image-9719\" src=\"https:\/\/effienergie.ch\/wp-content\/uploads\/2020\/02\/Beleuchtung_300.jpg\" alt=\"\" width=\"303\" height=\"221\" srcset=\"https:\/\/effienergie.ch\/wp-content\/uploads\/2020\/02\/Beleuchtung_300.jpg 300w, https:\/\/effienergie.ch\/wp-content\/uploads\/2020\/02\/Beleuchtung_300-42x31.jpg 42w\" sizes=\"auto, (max-width: 303px) 100vw, 303px\" \/><\/p>\n<p>Le remplacement des pompes de circulation et le remplacement de l&rsquo;\u00e9clairage dans les zones non r\u00e9sidentielles sont soutenus.<\/p>\n","protected":false},"excerpt":{"rendered":"<p>Dans le cadre des appels d&rsquo;offres de ProKilowatt, Effienergie AG m\u00e8ne depuis 2014 diff\u00e9rents programmes de promotion de l&rsquo;efficacit\u00e9 \u00e9nerg\u00e9tique des b\u00e2timents sous le label \u00ab\u00a0effiWatt\u00a0\u00bb. Les programmes sont tous men\u00e9s en \u00e9troite collaboration avec les cantons participants. Sur un total de 10 programmes \u00e0 ce jour, plus de 5 588 demandes ont \u00e9t\u00e9 approuv\u00e9es. [&hellip;]<\/p>\n","protected":false},"author":4,"featured_media":0,"parent":6698,"menu_order":3,"comment_status":"closed","ping_status":"closed","template":"","meta":{"_acf_changed":false,"footnotes":""},"class_list":["post-6726","page","type-page","status-publish","hentry"],"acf":[],"aioseo_notices":[],"aioseo_head":"\n\t\t<!-- All in One SEO 4.9.10 - aioseo.com -->\n\t<meta name=\"robots\" content=\"max-image-preview:large\" \/>\n\t<link rel=\"canonical\" href=\"https:\/\/effienergie.ch\/fr\/foerderprogramm\/effiwatt\/\" \/>\n\t<meta name=\"generator\" content=\"All in One SEO (AIOSEO) 4.9.10\" \/>\n\t\t<script type=\"application\/ld+json\" class=\"aioseo-schema\">\n\t\t\t{\"@context\":\"https:\\\/\\\/schema.org\",\"@graph\":[{\"@type\":\"BreadcrumbList\",\"@id\":\"https:\\\/\\\/effienergie.ch\\\/fr\\\/foerderprogramm\\\/effiwatt\\\/#breadcrumblist\",\"itemListElement\":[{\"@type\":\"ListItem\",\"@id\":\"https:\\\/\\\/effienergie.ch\\\/fr\\\/#listItem\",\"position\":1,\"name\":\"Home\",\"item\":\"https:\\\/\\\/effienergie.ch\\\/fr\\\/\",\"nextItem\":{\"@type\":\"ListItem\",\"@id\":\"https:\\\/\\\/effienergie.ch\\\/fr\\\/foerderprogramm\\\/#listItem\",\"name\":\"Programmes de subvention\"}},{\"@type\":\"ListItem\",\"@id\":\"https:\\\/\\\/effienergie.ch\\\/fr\\\/foerderprogramm\\\/#listItem\",\"position\":2,\"name\":\"Programmes de subvention\",\"item\":\"https:\\\/\\\/effienergie.ch\\\/fr\\\/foerderprogramm\\\/\",\"nextItem\":{\"@type\":\"ListItem\",\"@id\":\"https:\\\/\\\/effienergie.ch\\\/fr\\\/foerderprogramm\\\/effiwatt\\\/#listItem\",\"name\":\"Programme d&rsquo;efficacit\\u00e9 \\u00e9lectrique\"},\"previousItem\":{\"@type\":\"ListItem\",\"@id\":\"https:\\\/\\\/effienergie.ch\\\/fr\\\/#listItem\",\"name\":\"Home\"}},{\"@type\":\"ListItem\",\"@id\":\"https:\\\/\\\/effienergie.ch\\\/fr\\\/foerderprogramm\\\/effiwatt\\\/#listItem\",\"position\":3,\"name\":\"Programme d&rsquo;efficacit\\u00e9 \\u00e9lectrique\",\"previousItem\":{\"@type\":\"ListItem\",\"@id\":\"https:\\\/\\\/effienergie.ch\\\/fr\\\/foerderprogramm\\\/#listItem\",\"name\":\"Programmes de subvention\"}}]},{\"@type\":\"Organization\",\"@id\":\"https:\\\/\\\/effienergie.ch\\\/fr\\\/#organization\",\"name\":\"effienergie\",\"description\":\"Geb\\u00e4ude Energie Effizienz\",\"url\":\"https:\\\/\\\/effienergie.ch\\\/fr\\\/\",\"logo\":{\"@type\":\"ImageObject\",\"url\":\"https:\\\/\\\/effienergie.ch\\\/wp-content\\\/uploads\\\/2019\\\/01\\\/effienergie_logo.svg\",\"@id\":\"https:\\\/\\\/effienergie.ch\\\/fr\\\/foerderprogramm\\\/effiwatt\\\/#organizationLogo\"},\"image\":{\"@id\":\"https:\\\/\\\/effienergie.ch\\\/fr\\\/foerderprogramm\\\/effiwatt\\\/#organizationLogo\"}},{\"@type\":\"WebPage\",\"@id\":\"https:\\\/\\\/effienergie.ch\\\/fr\\\/foerderprogramm\\\/effiwatt\\\/#webpage\",\"url\":\"https:\\\/\\\/effienergie.ch\\\/fr\\\/foerderprogramm\\\/effiwatt\\\/\",\"name\":\"Programme d\\u2019efficacit\\u00e9 \\u00e9lectrique | effienergie\",\"inLanguage\":\"fr-FR\",\"isPartOf\":{\"@id\":\"https:\\\/\\\/effienergie.ch\\\/fr\\\/#website\"},\"breadcrumb\":{\"@id\":\"https:\\\/\\\/effienergie.ch\\\/fr\\\/foerderprogramm\\\/effiwatt\\\/#breadcrumblist\"},\"datePublished\":\"2019-01-29T11:54:19+01:00\",\"dateModified\":\"2020-02-13T14:27:16+01:00\"},{\"@type\":\"WebSite\",\"@id\":\"https:\\\/\\\/effienergie.ch\\\/fr\\\/#website\",\"url\":\"https:\\\/\\\/effienergie.ch\\\/fr\\\/\",\"name\":\"effienergie\",\"description\":\"Geb\\u00e4ude Energie Effizienz\",\"inLanguage\":\"fr-FR\",\"publisher\":{\"@id\":\"https:\\\/\\\/effienergie.ch\\\/fr\\\/#organization\"}}]}\n\t\t<\/script>\n\t\t<!-- All in One SEO -->\n\n","aioseo_head_json":{"title":"Programme d\u2019efficacit\u00e9 \u00e9lectrique | effienergie","description":"","canonical_url":"https:\/\/effienergie.ch\/fr\/foerderprogramm\/effiwatt\/","robots":"max-image-preview:large","keywords":"","webmasterTools":{"miscellaneous":""},"schema":{"@context":"https:\/\/schema.org","@graph":[{"@type":"BreadcrumbList","@id":"https:\/\/effienergie.ch\/fr\/foerderprogramm\/effiwatt\/#breadcrumblist","itemListElement":[{"@type":"ListItem","@id":"https:\/\/effienergie.ch\/fr\/#listItem","position":1,"name":"Home","item":"https:\/\/effienergie.ch\/fr\/","nextItem":{"@type":"ListItem","@id":"https:\/\/effienergie.ch\/fr\/foerderprogramm\/#listItem","name":"Programmes de subvention"}},{"@type":"ListItem","@id":"https:\/\/effienergie.ch\/fr\/foerderprogramm\/#listItem","position":2,"name":"Programmes de subvention","item":"https:\/\/effienergie.ch\/fr\/foerderprogramm\/","nextItem":{"@type":"ListItem","@id":"https:\/\/effienergie.ch\/fr\/foerderprogramm\/effiwatt\/#listItem","name":"Programme d&rsquo;efficacit\u00e9 \u00e9lectrique"},"previousItem":{"@type":"ListItem","@id":"https:\/\/effienergie.ch\/fr\/#listItem","name":"Home"}},{"@type":"ListItem","@id":"https:\/\/effienergie.ch\/fr\/foerderprogramm\/effiwatt\/#listItem","position":3,"name":"Programme d&rsquo;efficacit\u00e9 \u00e9lectrique","previousItem":{"@type":"ListItem","@id":"https:\/\/effienergie.ch\/fr\/foerderprogramm\/#listItem","name":"Programmes de subvention"}}]},{"@type":"Organization","@id":"https:\/\/effienergie.ch\/fr\/#organization","name":"effienergie","description":"Geb\u00e4ude Energie Effizienz","url":"https:\/\/effienergie.ch\/fr\/","logo":{"@type":"ImageObject","url":"https:\/\/effienergie.ch\/wp-content\/uploads\/2019\/01\/effienergie_logo.svg","@id":"https:\/\/effienergie.ch\/fr\/foerderprogramm\/effiwatt\/#organizationLogo"},"image":{"@id":"https:\/\/effienergie.ch\/fr\/foerderprogramm\/effiwatt\/#organizationLogo"}},{"@type":"WebPage","@id":"https:\/\/effienergie.ch\/fr\/foerderprogramm\/effiwatt\/#webpage","url":"https:\/\/effienergie.ch\/fr\/foerderprogramm\/effiwatt\/","name":"Programme d\u2019efficacit\u00e9 \u00e9lectrique | effienergie","inLanguage":"fr-FR","isPartOf":{"@id":"https:\/\/effienergie.ch\/fr\/#website"},"breadcrumb":{"@id":"https:\/\/effienergie.ch\/fr\/foerderprogramm\/effiwatt\/#breadcrumblist"},"datePublished":"2019-01-29T11:54:19+01:00","dateModified":"2020-02-13T14:27:16+01:00"},{"@type":"WebSite","@id":"https:\/\/effienergie.ch\/fr\/#website","url":"https:\/\/effienergie.ch\/fr\/","name":"effienergie","description":"Geb\u00e4ude Energie Effizienz","inLanguage":"fr-FR","publisher":{"@id":"https:\/\/effienergie.ch\/fr\/#organization"}}]}},"aioseo_meta_data":{"post_id":"6726","title":null,"description":null,"keywords":null,"keyphrases":null,"primary_term":null,"canonical_url":null,"og_title":null,"og_description":null,"og_object_type":"default","og_image_type":"default","og_image_url":null,"og_image_width":null,"og_image_height":null,"og_image_custom_url":null,"og_image_custom_fields":null,"og_video":null,"og_custom_url":null,"og_article_section":null,"og_article_tags":null,"twitter_use_og":false,"twitter_card":"default","twitter_image_type":"default","twitter_image_url":null,"twitter_image_custom_url":null,"twitter_image_custom_fields":null,"twitter_title":null,"twitter_description":null,"schema":{"blockGraphs":[],"customGraphs":[],"default":{"data":{"Article":[],"Course":[],"Dataset":[],"FAQPage":[],"Movie":[],"Person":[],"Product":[],"ProductReview":[],"Car":[],"Recipe":[],"Service":[],"SoftwareApplication":[],"WebPage":[]},"graphName":"WebPage","isEnabled":true},"graphs":[]},"schema_type":null,"schema_type_options":null,"pillar_content":false,"robots_default":true,"robots_noindex":false,"robots_noarchive":false,"robots_nosnippet":false,"robots_nofollow":false,"robots_noimageindex":false,"robots_noodp":false,"robots_notranslate":false,"robots_max_snippet":null,"robots_max_videopreview":null,"robots_max_imagepreview":"large","priority":null,"frequency":null,"local_seo":null,"breadcrumb_settings":null,"limit_modified_date":false,"ai":null,"created":"2021-06-24 14:45:26","updated":"2025-06-25 13:58:24","seo_analyzer_scan_date":null},"aioseo_breadcrumb":"<div class=\"aioseo-breadcrumbs\"><span class=\"aioseo-breadcrumb\">\n\t\t\t<a href=\"https:\/\/effienergie.ch\/fr\/\" title=\"Home\">Home<\/a>\n\t\t<\/span><span class=\"aioseo-breadcrumb-separator\">&raquo;<\/span><span class=\"aioseo-breadcrumb\">\n\t\t\t<a href=\"https:\/\/effienergie.ch\/fr\/foerderprogramm\/\" title=\"Programmes de subvention\">Programmes de subvention<\/a>\n\t\t<\/span><span class=\"aioseo-breadcrumb-separator\">&raquo;<\/span><span class=\"aioseo-breadcrumb\">\n\t\t\tProgramme d\u2019efficacit\u00e9 \u00e9lectrique\n\t\t<\/span><\/div>","aioseo_breadcrumb_json":[{"label":"Home","link":"https:\/\/effienergie.ch\/fr\/"},{"label":"Programmes de subvention","link":"https:\/\/effienergie.ch\/fr\/foerderprogramm\/"},{"label":"Programme d&rsquo;efficacit\u00e9 \u00e9lectrique","link":"https:\/\/effienergie.ch\/fr\/foerderprogramm\/effiwatt\/"}],"_links":{"self":[{"href":"https:\/\/effienergie.ch\/fr\/wp-json\/wp\/v2\/pages\/6726","targetHints":{"allow":["GET"]}}],"collection":[{"href":"https:\/\/effienergie.ch\/fr\/wp-json\/wp\/v2\/pages"}],"about":[{"href":"https:\/\/effienergie.ch\/fr\/wp-json\/wp\/v2\/types\/page"}],"author":[{"embeddable":true,"href":"https:\/\/effienergie.ch\/fr\/wp-json\/wp\/v2\/users\/4"}],"replies":[{"embeddable":true,"href":"https:\/\/effienergie.ch\/fr\/wp-json\/wp\/v2\/comments?post=6726"}],"version-history":[{"count":10,"href":"https:\/\/effienergie.ch\/fr\/wp-json\/wp\/v2\/pages\/6726\/revisions"}],"predecessor-version":[{"id":9721,"href":"https:\/\/effienergie.ch\/fr\/wp-json\/wp\/v2\/pages\/6726\/revisions\/9721"}],"up":[{"embeddable":true,"href":"https:\/\/effienergie.ch\/fr\/wp-json\/wp\/v2\/pages\/6698"}],"wp:attachment":[{"href":"https:\/\/effienergie.ch\/fr\/wp-json\/wp\/v2\/media?parent=6726"}],"curies":[{"name":"wp","href":"https:\/\/api.w.org\/{rel}","templated":true}]}}

Programme d&rsquo;efficacité électrique

<p>Dans le cadre des appels d&rsquo;offres de ProKilowatt, Effienergie AG mène depuis 2014 différents programmes de promotion de l&rsquo;efficacité énergétique des bâtiments sous le label « effiWatt ».</p>
<p>Les programmes sont tous menés en étroite collaboration avec les cantons participants. Sur un total de 10 programmes à ce jour, plus de 5 588 demandes ont été approuvées.</p>
<p><a href="https://www.effiwatt.ch/users/login" target="_blank" rel="noopener noreferrer">www.effiwatt.ch</a></p>
<p>&nbsp;</p>
<p>le rapport Effienergie suivant présente les résultats des programmes de promotion effiWatt, publiés par l&rsquo;Office fédéral de l&rsquo;énergie OFEN.</p>
<p><a href="https://effienergie.ch/wp-content/uploads/2020/02/SchlussberichtAnalyse_Effiwatt.pdf">SchlussberichtAnalyse_Effiwatt.pdf</a></p>
<p>&nbsp;</p>
<p><img loading="lazy" decoding="async" class="alignnone wp-image-6182" src="https://effienergie.ch/wp-content/uploads/2019/03/UP_Heizung_neu-300x231.jpg" alt="" width="287" height="221" srcset="https://effienergie.ch/wp-content/uploads/2019/03/UP_Heizung_neu-300x231.jpg 300w, https://effienergie.ch/wp-content/uploads/2019/03/UP_Heizung_neu-768x591.jpg 768w, https://effienergie.ch/wp-content/uploads/2019/03/UP_Heizung_neu-1024x788.jpg 1024w, https://effienergie.ch/wp-content/uploads/2019/03/UP_Heizung_neu-42x32.jpg 42w, https://effienergie.ch/wp-content/uploads/2019/03/UP_Heizung_neu.jpg 1500w" sizes="auto, (max-width: 287px) 100vw, 287px" /> <img loading="lazy" decoding="async" class="alignnone  wp-image-9719" src="https://effienergie.ch/wp-content/uploads/2020/02/Beleuchtung_300.jpg" alt="" width="303" height="221" srcset="https://effienergie.ch/wp-content/uploads/2020/02/Beleuchtung_300.jpg 300w, https://effienergie.ch/wp-content/uploads/2020/02/Beleuchtung_300-42x31.jpg 42w" sizes="auto, (max-width: 303px) 100vw, 303px" /></p>
<p>Le remplacement des pompes de circulation et le remplacement de l&rsquo;éclairage dans les zones non résidentielles sont soutenus.</p>

<p>Dans le cadre des appels d&rsquo;offres de ProKilowatt, Effienergie AG mène depuis 2014 différents programmes de promotion de l&rsquo;efficacité énergétique des bâtiments sous le label « effiWatt ». Les programmes sont tous menés en étroite collaboration avec les cantons participants. Sur un total de 10 programmes à ce jour, plus de 5 588 demandes ont été approuvées. [&hellip;]</p>

Programme d’efficacité électrique | effienergie

Gebäude Energie Effizienz

<div class="aioseo-breadcrumbs"><span class="aioseo-breadcrumb">
			<a href="https://effienergie.ch/fr/" title="Home">Home</a>
		</span><span class="aioseo-breadcrumb-separator">&raquo;</span><span class="aioseo-breadcrumb">
			<a href="https://effienergie.ch/fr/foerderprogramm/" title="Programmes de subvention">Programmes de subvention</a>
		</span><span class="aioseo-breadcrumb-separator">&raquo;</span><span class="aioseo-breadcrumb">
			Programme d’efficacité électrique
		</span></div>
